{"id":1491,"date":"2025-02-23T21:56:21","date_gmt":"2025-02-24T02:56:21","guid":{"rendered":"https:\/\/chinwooandescolombia.com\/?page_id=1491"},"modified":"2025-02-23T21:56:22","modified_gmt":"2025-02-24T02:56:22","slug":"actividades","status":"publish","type":"page","link":"https:\/\/chinwooandescolombia.com\/?page_id=1491","title":{"rendered":"Actividades"},"content":{"rendered":"\n<p>La escuela tradicional de artes marciales chinas inicia en el a\u00f1o 1999 con la formaci\u00f3n de cinturones negros en el manejo de armas tradicionales en el parque metropolitano Sim\u00f3n Bol\u00edvar, poco a poco el enfoque se va ampliando debido al inter\u00e9s de personas de diferentes niveles y con experiencia en diversas t\u00e9cnicas de artes marciales, por eso al poco tiempo se constituye <strong>El Centro de la Virtud Marcial<\/strong> con el prop\u00f3sito de ser un referente de las artes chinas, desde entonces hemos trabajado ininterrumpidamente consolidando una familia marcial que se caracteriza por su honestidad y fraternidad.<\/p>\n\n\n\n<p>Actualmente contamos con escuela de arte marcial tradicional chino para adultos y para ni\u00f1os, as\u00ed como con escuela de Tai Chi Chuan, tanto en las excelentes instalaciones de nuestra sede, como en otras sedes de la ciudad y del pa\u00eds, en el marco de la misi\u00f3n y la visi\u00f3n de la <strong>Asociaci\u00f3n Atl\u00e9tica Chin Woo Andes Colombia<\/strong>, una organizaci\u00f3n sin animo de lucro que propende principalmente por la difusi\u00f3n de la cultura china a partir de sus pr\u00e1cticas tradicionales y la incidencia que estas pueden tener en la salud y el bienestar de la poblaci\u00f3n colombiana.<\/p>\n","protected":false},"excerpt":{"rendered":"<p>La escuela tradicional de artes marciales chinas inicia en el a\u00f1o 1999 con la formaci\u00f3n de cinturones negros en el manejo de armas tradicionales en el parque metropolitano Sim\u00f3n Bol\u00edvar, poco a poco el enfoque se va ampliando debido al inter\u00e9s de personas de diferentes niveles y con experiencia en diversas t\u00e9cnicas de artes marciales, [&hellip;]<\/p>\n","protected":false},"author":1,"featured_media":0,"parent":0,"menu_order":0,"comment_status":"closed","ping_status":"closed","template":"","meta":{"footnotes":""},"class_list":["post-1491","page","type-page","status-publish","hentry"],"_links":{"self":[{"href":"https:\/\/chinwooandescolombia.com\/index.php?rest_route=\/wp\/v2\/pages\/1491","targetHints":{"allow":["GET"]}}],"collection":[{"href":"https:\/\/chinwooandescolombia.com\/index.php?rest_route=\/wp\/v2\/pages"}],"about":[{"href":"https:\/\/chinwooandescolombia.com\/index.php?rest_route=\/wp\/v2\/types\/page"}],"author":[{"embeddable":true,"href":"https:\/\/chinwooandescolombia.com\/index.php?rest_route=\/wp\/v2\/users\/1"}],"replies":[{"embeddable":true,"href":"https:\/\/chinwooandescolombia.com\/index.php?rest_route=%2Fwp%2Fv2%2Fcomments&post=1491"}],"version-history":[{"count":1,"href":"https:\/\/chinwooandescolombia.com\/index.php?rest_route=\/wp\/v2\/pages\/1491\/revisions"}],"predecessor-version":[{"id":1492,"href":"https:\/\/chinwooandescolombia.com\/index.php?rest_route=\/wp\/v2\/pages\/1491\/revisions\/1492"}],"wp:attachment":[{"href":"https:\/\/chinwooandescolombia.com\/index.php?rest_route=%2Fwp%2Fv2%2Fmedia&parent=1491"}],"curies":[{"name":"wp","href":"https:\/\/api.w.org\/{rel}","templated":true}]}}