{"id":10,"date":"2020-01-10T20:08:45","date_gmt":"2020-01-10T20:08:45","guid":{"rendered":"http:\/\/chinwooandescolombia.com\/?page_id=10"},"modified":"2025-02-23T21:38:35","modified_gmt":"2025-02-24T02:38:35","slug":"acerca-de","status":"publish","type":"page","link":"https:\/\/chinwooandescolombia.com\/?page_id=10","title":{"rendered":"Acerca de"},"content":{"rendered":"\n<p>La escuela tradicional de artes marciales chinas inicia en el a\u00f1o 1999 con la formaci\u00f3n de cinturones negros en el manejo de armas tradicionales en el parque metropolitano Sim\u00f3n Bol\u00edvar, poco a poco el enfoque se va ampliando debido al inter\u00e9s de personas de diferentes niveles y con experiencia en diversas t\u00e9cnicas de artes marciales, por eso al poco tiempo se constituye <strong>El Centro de la Virtud Marcial<\/strong> con el prop\u00f3sito de ser un referente de las artes chinas, desde entonces  hemos trabajado ininterrumpidamente consolidando una familia marcial que se caracteriza por su honestidad y fraternidad. <\/p>\n\n\n\n<p>Actualmente contamos con escuela de arte marcial tradicional chino para adultos y para ni\u00f1os, as\u00ed como con escuela de Tai Chi Chuan, tanto en las excelentes instalaciones de nuestra sede,  como en otras sedes de la ciudad y del pa\u00eds, en el marco de la misi\u00f3n y la visi\u00f3n de la <strong>Asociaci\u00f3n Atl\u00e9tica Chin Woo Andes Colombia<\/strong>, una organizaci\u00f3n sin animo de lucro que propende principalmente por la difusi\u00f3n de la cultura china a partir de sus pr\u00e1cticas tradicionales y la incidencia que estas pueden tener en la salud y el bienestar de la poblaci\u00f3n colombiana.<\/p>\n\n\n\n<p>Nuestra sede: Cra 87a # 88-48 Bogot\u00e1, Colombia<\/p>\n\n\n\n<p>Tel\u00e9fonos: 3115334613 &#8211; 3013378683<\/p>\n\n\n\n<h1 class=\"wp-block-heading\"><strong>Horarios<\/strong><\/h1>\n\n\n\n<figure class=\"wp-block-image size-full\"><img loading=\"lazy\" decoding=\"async\" width=\"890\" height=\"694\" src=\"https:\/\/chinwooandescolombia.com\/wp-content\/uploads\/2025\/02\/image-60.png\" alt=\"\" class=\"wp-image-1480\" srcset=\"https:\/\/chinwooandescolombia.com\/wp-content\/uploads\/2025\/02\/image-60.png 890w, https:\/\/chinwooandescolombia.com\/wp-content\/uploads\/2025\/02\/image-60-300x234.png 300w, https:\/\/chinwooandescolombia.com\/wp-content\/uploads\/2025\/02\/image-60-768x599.png 768w\" sizes=\"auto, (max-width: 890px) 100vw, 890px\" \/><\/figure>\n\n\n\n<p class=\"has-large-font-size\"><strong>Contacto<\/strong><\/p>\n\n\n\n<p>Comun\u00edcate con nosotros a trav\u00e9s de:<\/p>\n\n\n\n<p><strong>Nuestro correo<\/strong>: chinwooandes@hotmail.com<br><strong>Facebook<\/strong>:  https:\/\/www.facebook.com\/centrodelavirtudmarcial<br><strong>Tel\u00e9fonos<\/strong>: 3115334613 &#8211; 3015334613<\/p>\n\n\n\n<p><\/p>\n","protected":false},"excerpt":{"rendered":"<p>La escuela tradicional de artes marciales chinas inicia en el a\u00f1o 1999 con la formaci\u00f3n de cinturones negros en el manejo de armas tradicionales en el parque metropolitano Sim\u00f3n Bol\u00edvar, poco a poco el enfoque se va ampliando debido al inter\u00e9s de personas de diferentes niveles y con experiencia en diversas t\u00e9cnicas de artes marciales, [&hellip;]<\/p>\n","protected":false},"author":1,"featured_media":0,"parent":0,"menu_order":0,"comment_status":"closed","ping_status":"closed","template":"","meta":{"footnotes":""},"class_list":["post-10","page","type-page","status-publish","hentry"],"_links":{"self":[{"href":"https:\/\/chinwooandescolombia.com\/index.php?rest_route=\/wp\/v2\/pages\/10","targetHints":{"allow":["GET"]}}],"collection":[{"href":"https:\/\/chinwooandescolombia.com\/index.php?rest_route=\/wp\/v2\/pages"}],"about":[{"href":"https:\/\/chinwooandescolombia.com\/index.php?rest_route=\/wp\/v2\/types\/page"}],"author":[{"embeddable":true,"href":"https:\/\/chinwooandescolombia.com\/index.php?rest_route=\/wp\/v2\/users\/1"}],"replies":[{"embeddable":true,"href":"https:\/\/chinwooandescolombia.com\/index.php?rest_route=%2Fwp%2Fv2%2Fcomments&post=10"}],"version-history":[{"count":5,"href":"https:\/\/chinwooandescolombia.com\/index.php?rest_route=\/wp\/v2\/pages\/10\/revisions"}],"predecessor-version":[{"id":1481,"href":"https:\/\/chinwooandescolombia.com\/index.php?rest_route=\/wp\/v2\/pages\/10\/revisions\/1481"}],"wp:attachment":[{"href":"https:\/\/chinwooandescolombia.com\/index.php?rest_route=%2Fwp%2Fv2%2Fmedia&parent=10"}],"curies":[{"name":"wp","href":"https:\/\/api.w.org\/{rel}","templated":true}]}}